{"id":6,"date":"2024-04-24T18:11:26","date_gmt":"2024-04-24T16:11:26","guid":{"rendered":"https:\/\/www.forexpo.fr\/?page_id=6"},"modified":"2024-07-03T15:40:52","modified_gmt":"2024-07-03T13:40:52","slug":"forexpo-salon-de-la-filiere-foret-bois","status":"publish","type":"page","link":"https:\/\/www.forexpo.fr\/","title":{"rendered":"Forexpo &#8211; Salon de la fili\u00e8re For\u00eat-Bois"},"content":{"rendered":"\n[et_pb_section admin_label=\u00a0\u00bbsection\u00a0\u00bb]\n\t\t\t[et_pb_row admin_label=\u00a0\u00bbrow\u00a0\u00bb]\n\t\t\t\t[et_pb_column type=\u00a0\u00bb4_4&Prime;][\/et_pb_column]\n\t\t\t[\/et_pb_row]\n\t\t[\/et_pb_section]\n","protected":false},"excerpt":{"rendered":"","protected":false},"author":1,"featured_media":0,"parent":0,"menu_order":0,"comment_status":"closed","ping_status":"closed","template":"","meta":{"_et_pb_use_builder":"on","_et_pb_old_content":"","_et_gb_content_width":"","footnotes":""},"class_list":["post-6","page","type-page","status-publish","hentry"],"yoast_head":"<!-- This site is optimized with the Yoast SEO plugin v23.7 - https:\/\/yoast.com\/wordpress\/plugins\/seo\/ -->\n<title>FOREXPO - Salon de la fili\u00e8re for\u00eat-bois<\/title>\n<meta name=\"description\" content=\"D\u00e9couvrez FOREXPO, le salon incontournable de la fili\u00e8re for\u00eat-bois. Le rendez-vous des acteurs de la sylviculture et du bois.\" \/>\n<meta name=\"robots\" content=\"index, follow, max-snippet:-1, max-image-preview:large, max-video-preview:-1\" \/>\n<link rel=\"canonical\" href=\"https:\/\/www.forexpo.fr\/\" \/>\n<meta property=\"og:locale\" content=\"fr_FR\" \/>\n<meta property=\"og:type\" content=\"article\" \/>\n<meta property=\"og:title\" content=\"FOREXPO - Salon de la fili\u00e8re for\u00eat-bois\" \/>\n<meta property=\"og:description\" content=\"D\u00e9couvrez FOREXPO, le salon incontournable de la fili\u00e8re for\u00eat-bois. Le rendez-vous des acteurs de la sylviculture et du bois.\" \/>\n<meta property=\"og:url\" content=\"https:\/\/www.forexpo.fr\/\" \/>\n<meta property=\"og:site_name\" content=\"FOREXPO\" \/>\n<meta property=\"article:modified_time\" content=\"2024-07-03T13:40:52+00:00\" \/>\n<meta name=\"twitter:card\" content=\"summary_large_image\" \/>\n<script type=\"application\/ld+json\" class=\"yoast-schema-graph\">{\"@context\":\"https:\/\/schema.org\",\"@graph\":[{\"@type\":\"WebPage\",\"@id\":\"https:\/\/www.forexpo.fr\/\",\"url\":\"https:\/\/www.forexpo.fr\/\",\"name\":\"FOREXPO - Salon de la fili\u00e8re for\u00eat-bois\",\"isPartOf\":{\"@id\":\"https:\/\/www.forexpo.fr\/#website\"},\"datePublished\":\"2024-04-24T16:11:26+00:00\",\"dateModified\":\"2024-07-03T13:40:52+00:00\",\"description\":\"D\u00e9couvrez FOREXPO, le salon incontournable de la fili\u00e8re for\u00eat-bois. Le rendez-vous des acteurs de la sylviculture et du bois.\",\"breadcrumb\":{\"@id\":\"https:\/\/www.forexpo.fr\/#breadcrumb\"},\"inLanguage\":\"fr-FR\",\"potentialAction\":[{\"@type\":\"ReadAction\",\"target\":[\"https:\/\/www.forexpo.fr\/\"]}]},{\"@type\":\"BreadcrumbList\",\"@id\":\"https:\/\/www.forexpo.fr\/#breadcrumb\",\"itemListElement\":[{\"@type\":\"ListItem\",\"position\":1,\"name\":\"Accueil\",\"item\":\"https:\/\/www.forexpo.fr\/\"},{\"@type\":\"ListItem\",\"position\":2,\"name\":\"Forexpo &#8211; Salon de la fili\u00e8re For\u00eat-Bois\"}]},{\"@type\":\"WebSite\",\"@id\":\"https:\/\/www.forexpo.fr\/#website\",\"url\":\"https:\/\/www.forexpo.fr\/\",\"name\":\"FOREXPO\",\"description\":\"Le Salon de la fili\u00e8re For\u00eat-Bois\",\"potentialAction\":[{\"@type\":\"SearchAction\",\"target\":{\"@type\":\"EntryPoint\",\"urlTemplate\":\"https:\/\/www.forexpo.fr\/?s={search_term_string}\"},\"query-input\":{\"@type\":\"PropertyValueSpecification\",\"valueRequired\":true,\"valueName\":\"search_term_string\"}}],\"inLanguage\":\"fr-FR\"}]}<\/script>\n<!-- \/ Yoast SEO plugin. -->","yoast_head_json":{"title":"FOREXPO - Salon de la fili\u00e8re for\u00eat-bois","description":"D\u00e9couvrez FOREXPO, le salon incontournable de la fili\u00e8re for\u00eat-bois. Le rendez-vous des acteurs de la sylviculture et du bois.","robots":{"index":"index","follow":"follow","max-snippet":"max-snippet:-1","max-image-preview":"max-image-preview:large","max-video-preview":"max-video-preview:-1"},"canonical":"https:\/\/www.forexpo.fr\/","og_locale":"fr_FR","og_type":"article","og_title":"FOREXPO - Salon de la fili\u00e8re for\u00eat-bois","og_description":"D\u00e9couvrez FOREXPO, le salon incontournable de la fili\u00e8re for\u00eat-bois. Le rendez-vous des acteurs de la sylviculture et du bois.","og_url":"https:\/\/www.forexpo.fr\/","og_site_name":"FOREXPO","article_modified_time":"2024-07-03T13:40:52+00:00","twitter_card":"summary_large_image","schema":{"@context":"https:\/\/schema.org","@graph":[{"@type":"WebPage","@id":"https:\/\/www.forexpo.fr\/","url":"https:\/\/www.forexpo.fr\/","name":"FOREXPO - Salon de la fili\u00e8re for\u00eat-bois","isPartOf":{"@id":"https:\/\/www.forexpo.fr\/#website"},"datePublished":"2024-04-24T16:11:26+00:00","dateModified":"2024-07-03T13:40:52+00:00","description":"D\u00e9couvrez FOREXPO, le salon incontournable de la fili\u00e8re for\u00eat-bois. Le rendez-vous des acteurs de la sylviculture et du bois.","breadcrumb":{"@id":"https:\/\/www.forexpo.fr\/#breadcrumb"},"inLanguage":"fr-FR","potentialAction":[{"@type":"ReadAction","target":["https:\/\/www.forexpo.fr\/"]}]},{"@type":"BreadcrumbList","@id":"https:\/\/www.forexpo.fr\/#breadcrumb","itemListElement":[{"@type":"ListItem","position":1,"name":"Accueil","item":"https:\/\/www.forexpo.fr\/"},{"@type":"ListItem","position":2,"name":"Forexpo &#8211; Salon de la fili\u00e8re For\u00eat-Bois"}]},{"@type":"WebSite","@id":"https:\/\/www.forexpo.fr\/#website","url":"https:\/\/www.forexpo.fr\/","name":"FOREXPO","description":"Le Salon de la fili\u00e8re For\u00eat-Bois","potentialAction":[{"@type":"SearchAction","target":{"@type":"EntryPoint","urlTemplate":"https:\/\/www.forexpo.fr\/?s={search_term_string}"},"query-input":{"@type":"PropertyValueSpecification","valueRequired":true,"valueName":"search_term_string"}}],"inLanguage":"fr-FR"}]}},"_links":{"self":[{"href":"https:\/\/www.forexpo.fr\/index.php\/wp-json\/wp\/v2\/pages\/6","targetHints":{"allow":["GET"]}}],"collection":[{"href":"https:\/\/www.forexpo.fr\/index.php\/wp-json\/wp\/v2\/pages"}],"about":[{"href":"https:\/\/www.forexpo.fr\/index.php\/wp-json\/wp\/v2\/types\/page"}],"author":[{"embeddable":true,"href":"https:\/\/www.forexpo.fr\/index.php\/wp-json\/wp\/v2\/users\/1"}],"replies":[{"embeddable":true,"href":"https:\/\/www.forexpo.fr\/index.php\/wp-json\/wp\/v2\/comments?post=6"}],"version-history":[{"count":4,"href":"https:\/\/www.forexpo.fr\/index.php\/wp-json\/wp\/v2\/pages\/6\/revisions"}],"predecessor-version":[{"id":639,"href":"https:\/\/www.forexpo.fr\/index.php\/wp-json\/wp\/v2\/pages\/6\/revisions\/639"}],"wp:attachment":[{"href":"https:\/\/www.forexpo.fr\/index.php\/wp-json\/wp\/v2\/media?parent=6"}],"curies":[{"name":"wp","href":"https:\/\/api.w.org\/{rel}","templated":true}]}}

Forexpo &#8211; Salon de la filière Forêt-Bois

<!-- This site is optimized with the Yoast SEO plugin v23.7 - https://yoast.com/wordpress/plugins/seo/ -->
<title>FOREXPO - Salon de la filière forêt-bois</title>
<meta name="description" content="Découvrez FOREXPO, le salon incontournable de la filière forêt-bois. Le rendez-vous des acteurs de la sylviculture et du bois." />
<meta name="robots" content="index, follow, max-snippet:-1, max-image-preview:large, max-video-preview:-1" />
<link rel="canonical" href="https://www.forexpo.fr/" />
<meta property="og:locale" content="fr_FR" />
<meta property="og:type" content="article" />
<meta property="og:title" content="FOREXPO - Salon de la filière forêt-bois" />
<meta property="og:description" content="Découvrez FOREXPO, le salon incontournable de la filière forêt-bois. Le rendez-vous des acteurs de la sylviculture et du bois." />
<meta property="og:url" content="https://www.forexpo.fr/" />
<meta property="og:site_name" content="FOREXPO" />
<meta property="article:modified_time" content="2024-07-03T13:40:52+00:00" />
<meta name="twitter:card" content="summary_large_image" />
<script type="application/ld+json" class="yoast-schema-graph">{"@context":"https://schema.org","@graph":[{"@type":"WebPage","@id":"https://www.forexpo.fr/","url":"https://www.forexpo.fr/","name":"FOREXPO - Salon de la filière forêt-bois","isPartOf":{"@id":"https://www.forexpo.fr/#website"},"datePublished":"2024-04-24T16:11:26+00:00","dateModified":"2024-07-03T13:40:52+00:00","description":"Découvrez FOREXPO, le salon incontournable de la filière forêt-bois. Le rendez-vous des acteurs de la sylviculture et du bois.","breadcrumb":{"@id":"https://www.forexpo.fr/#breadcrumb"},"inLanguage":"fr-FR","potentialAction":[{"@type":"ReadAction","target":["https://www.forexpo.fr/"]}]},{"@type":"BreadcrumbList","@id":"https://www.forexpo.fr/#breadcrumb","itemListElement":[{"@type":"ListItem","position":1,"name":"Accueil","item":"https://www.forexpo.fr/"},{"@type":"ListItem","position":2,"name":"Forexpo &#8211; Salon de la filière Forêt-Bois"}]},{"@type":"WebSite","@id":"https://www.forexpo.fr/#website","url":"https://www.forexpo.fr/","name":"FOREXPO","description":"Le Salon de la filière Forêt-Bois","potentialAction":[{"@type":"SearchAction","target":{"@type":"EntryPoint","urlTemplate":"https://www.forexpo.fr/?s={search_term_string}"},"query-input":{"@type":"PropertyValueSpecification","valueRequired":true,"valueName":"search_term_string"}}],"inLanguage":"fr-FR"}]}</script>
<!-- / Yoast SEO plugin. -->

FOREXPO - Salon de la filière forêt-bois

Découvrez FOREXPO, le salon incontournable de la filière forêt-bois. Le rendez-vous des acteurs de la sylviculture et du bois.

Le Salon de la filière Forêt-Bois
